l + 2*h + 90 = 0, 2*h - 28 = -3*l - 2*h. List the prime factors of l.
2
Let u = -3 - -11. List the prime factors of u.
2
Suppose 2*l - 3*q - 57 = 26, -180 = -5*l + 2*q. List the prime factors of l.
2, 17
Suppose -5*r + 13 = -2. Suppose 7*j = 4*j - 3*s + 42, r*j - 3*s = 60. Let b = j - 6. List the prime factors of b.
11
Let f(b) be the first derivative of b**4/4 + 2*b**3 - 5*b**2/2 - 4*b + 6. What are the prime factors of f(-5)?
2, 23
Let n(d) = 2*d**2 - 15*d - 31. What are the prime factors of n(13)?
2, 7
Let t = -40 + 220. List the prime factors of (6/8)/(5/t).
3
Suppose 10 = 4*k + o, 3*k - 2*k - 13 = 5*o. List the prime factors of k.
3
Suppose -32 = -d - 79. Let p = 70 + d. List the prime factors of p.
23
Let s(j) = 12*j. Let w be s(1). Let v(p) = -p**2 + 13*p - 8. What are the prime factors of v(w)?
2
Let p(s) be the second derivative of s**4/12 + 11*s**3/6 + 2*s**2 - 2*s. Let h(x) = x**2 - 8*x + 4. Let m be h(3). What are the prime factors of p(m)?
2
Suppose 557 + 23 = 5*x. List the prime factors of x.
2, 29
Let l(p) = p**2 - 11*p + 5. Let i be l(11). Let t = i + -7. List the prime factors of (-238)/(-21) + t/(-3).
2, 3
Let z = -15 + 12. Let p = 11 + z. List the prime factors of p.
2
Let h be (-1 - -3)*9/6. Suppose -2*x + 16 = -n, 5*n = x - 2*x - h. What are the prime factors of x?
7
Let w(j) = -j**3 + 5*j + 11. What are the prime factors of w(-4)?
5, 11
What are the prime factors of ((-6641)/(-116))/(1/4)?
229
Let g(b) = -b**3 - 9*b**2 + 9*b - 5. Let x be g(-10). Suppose 3*p + 8*a - 61 = 3*a, -23 = -4*p + x*a. What are the prime factors of p?
2, 3
Let v be 4/(-18) + (-222)/(-27). Let d = v - -3. What are the prime factors of d?
11
Suppose 2*u + 2*w + 50 = 3*u, 0 = u + 5*w - 15. Suppose 0 = -3*t - 2*t + u. What are the prime factors of t?
2
Let n = -4 + 8. What are the prime factors of n/22 + 320/55?
2, 3
Suppose -5 = j + 3*x, 0 = -2*j - x + 4*x + 17. Suppose j*d - 4*q = 108, 5*d - 127 = -q - 2*q. What are the prime factors of d?
2, 13
Suppose -11*s = -13*s + 290. What are the prime factors of s?
5, 29
Let f = 142 - 20. Suppose -3*j + f = -2*d, j - 4*j = d - 137. What are the prime factors of j?
2, 11
Suppose 4*s - 276 = s. List the prime factors of s.
2, 23
Suppose 10*v = 9*v + 3. Let i = 12 - v. List the prime factors of i.
3
Suppose 3 + 13 = 4*q. Let b be 4/22 - 84/(-22). Suppose b*a - 8 = q. What are the prime factors of a?
3
Let k be 2/(-1 - 13/(-15)). Suppose 5*z + 3*g = z - 40, -2*z = -4*g + 20. What are the prime factors of (-3)/k + (-18)/z?
2
Let r(j) = -j**2 + 16*j + 8. List the prime factors of r(11).
3, 7
Let x(f) = 8*f**2 - 2*f - 3. Let p be x(-3). Suppose 0 = -2*d + 5*d - p. What are the prime factors of d?
5
Let c be (-5)/(4 - (5 + -2)). Let w = -7 - c. List the prime factors of (-2)/((-1)/(-3)*w).
3
Suppose 4*n - 690 = -14. What are the prime factors of n?
13
Let c(o) = -o**2 + 8*o + 2. Let s be c(7). Let n = s + -6. Suppose -n*g + 15 = 6. List the prime factors of g.
3
Let z(y) = -y**2 + 5*y - 3. Let t be z(3). Let d(k) = -k**3 + 13 - 7 + t*k**2 - 2*k**2. List the prime factors of d(0).
2, 3
Suppose -4*k + 5*i + 60 = 0, -2*k - 48 = -6*k + 2*i. Suppose 2*s = 4*s. Suppose -d + k = -s. What are the prime factors of d?
2, 5
Suppose 3*o + 2*b + 2*b - 17 = 0, -2*o + 2*b = -2. Let p be 86/18 - (-4)/18. Suppose -4*t = -p*t - o*m - 3, 5*t - m - 65 = 0. List the prime factors of t.
2, 3
Let s(g) = g - 1. Let d be s(4). Let m be (-236)/(-6) - d/9. Let l = -28 + m. What are the prime factors of l?
11
List the prime factors of ((-3)/(-2))/((-9)/(-498)).
83
Suppose 3*q = -2*k + 4, -3*q - 4 - 22 = -4*k. Let p(r) = r**3 - 2*r**2 - 7*r + 5. Let j be p(k). What are the prime factors of (-1)/4 - j/(-4)?
11
Let f be 949/(-52) - 2/(-8). Let b = 14 - f. List the prime factors of b.
2
Suppose -2*k + 8 = -4*j, -6*j + j + 10 = 0. Suppose 0 = 5*o, 0 = -2*n + 4*o + k. Suppose 0 = n*s + s - 10. What are the prime factors of s?
2
Let y(f) = f**3 + 2*f**2 - 4*f - 4. Let x be y(-3). Let g be ((-4)/(-6))/(x/(-15)). Let a = 22 - g. What are the prime factors of a?
2, 3
Let w = 42 + 29. List the prime factors of w.
71
Let x = -17 - -82. List the prime factors of x.
5, 13
Suppose -5 = -s + 6*s. Let n = s + 2. Let y = n - -7. What are the prime factors of y?
2
Suppose w + 4 = -3*u - 18, 0 = 2*w + 5*u + 39. List the prime factors of (-28)/98 - 79/w.
11
Suppose 4*m - 9 = m. Suppose 0 = m*i - 2*k - 125, 5*i = -9*k + 4*k + 225. What are the prime factors of i?
43
Let g(t) = -5*t + 1. Let i be g(1). Let w = 9 + i. List the prime factors of w.
5
Let y = 9 - 9. Suppose 4*z + d + 132 = 0, 0 = -5*z - y*d - 2*d - 165. What are the prime factors of z/(-12) + 1/4?
3
Let j(u) = -180*u**3 - 3*u**2 + 2. List the prime factors of j(-1).
179
Let m(n) = 5*n**2 - 1. What are the prime factors of m(4)?
79
Suppose -3*h = -5*o + 451 + 125, h = -3*o + 354. What are the prime factors of o?
3, 13
Let l(x) = x**2 + 5*x + 4. Let p be l(-4). Suppose 2*f = j + 63, j + p*j + 30 = f. What are the prime factors of f?
3, 11
Suppose 19 = 3*x + 5*r, -x + 13 = -2*r - 3*r. What are the prime factors of x?
2
Let r(o) = -2*o + 2. Let z be r(2). Let f(k) = -3*k**3 - 2*k**2 + k - 1. What are the prime factors of f(z)?
13
Let m(z) = -z**2 - 12*z - 2. What are the prime factors of m(-5)?
3, 11
Let f(p) = -p**2 + 7*p. Let a be f(6). Let m = 6 - a. Suppose z + 4*z - 20 = m. What are the prime factors of z?
2
What are the prime factors of (-1235)/(-35) - (-4)/(-14)?
5, 7
Let d = 6 + -1. Suppose d*y - 3*y = 2. Let g = 11 - y. List the prime factors of g.
2, 5
Let n(s) = s**2 - 8*s - 2. Let k be n(8). List the prime factors of ((-3)/2)/(k/20).
3, 5
Let z(t) = -t**3 - 15*t**2 + 10*t - 7. List the prime factors of z(-16).
89
Let d be 5*(2 - 8/5). Suppose d*a - 5*a = 6. What are the prime factors of 4/(-10)*60/a?
2, 3
What are the prime factors of 8/2 + 6 + 1?
11
Let y(b) = -5*b - 5. Let o be y(8). List the prime factors of 60*-3*6/o.
2, 3
Let v = -403 + 719. List the prime factors of v.
2, 79
Let j be (9/12)/((-3)/(-36)). List the prime factors of 170/45 - (-2)/j.
2
Let a = 10 + -14. Let x(s) = -s**3 - 4*s**2 - 6*s - 1. Let c be x(a). Let f = c + -13. List the prime factors of f.
2, 5
Suppose 5*s = -y + 6*y + 475, 355 = 4*s + y. Suppose 2*a + 30 = s. What are the prime factors of a?
2, 3, 5
Suppose 2*x - 601 + 201 = 0. List the prime factors of x.
2, 5
Let t(b) = 3*b + 2*b - 1 - b - 5*b. What are the prime factors of t(-5)?
2
Let p = 30 - 5. List the prime factors of p.
5
Let q = 2 + -2. Let y(h) = h**2 + 2*h + 33. List the prime factors of y(q).
3, 11
Let d be 16/9 - (-2)/9. Let z = 7 - 4. Suppose -j + d = 2*o - z*j, 5*j = o + 19. List the prime factors of o.
2, 3
Suppose s = 3*d - 122, s - 299 + 85 = -5*d. What are the prime factors of d?
2, 3, 7
Suppose -4*d + r = 10, 22 = -4*d - 9*r + 4*r. Let t(m) = -12*m + 7. What are the prime factors of t(d)?
43
Suppose -3*i + 4*q + q - 1 = 0, -i = -5*q - 3. Let b(u) = -4*u + 1. What are the prime factors of b(i)?
3
Let j(t) = 15*t + 5. List the prime factors of j(16).
5, 7
Let u(j) = -50*j - 1. List the prime factors of u(-3).
149
Let f(r) = -2*r + 6. Let z be f(7). Let o(m) = 3*m**2 + m + 2. Let x be o(2). Let k = x + z. List the prime factors of k.
2
Let w(t) be the first derivative of t**3/3 + t**2/2 + 1. Let f be w(-1). Let i = 3 - f. What are the prime factors of i?
3
Let s(k) = -3 + 61*k + 3 - 53*k. What are the prime factors of s(3)?
2, 3
Suppose -285 = -4*x + 2*a - 73, -4*x = 5*a - 240. List the prime factors of x.
5, 11
Let y be -2*12/8*2. List the prime factors of y/(-24) + (-222)/(-8).
2, 7
Let c(q) = -2*q**3 - 2*q**2 + q + 1. Let n(t) = t**3. Let f(l) = -c(l) - 3*n(l). Let g = 1 - 3. What are the prime factors of f(g)?
17
Let h be -2 + (0 - (-4 - -1)). Suppose -4*y - 2*q + h = 3*q, 0 = 3*y - 5*q - 27. Suppose -y*s = -35 - 9. What are the prime factors of s?
11
Suppose -x = x - 6. Suppose 48 = 7*k - x*k. What are the prime factors of k?
2, 3
Let q(r) = 15*r**2 + 2*r + 1. Suppose 6*b - 2*b + 4 = 0. What are the prime factors of q(b)?
2, 7
Suppose -4*b = -b - 225. What are the prime factors of b?
3, 5
Let i(q) = -2*q + 3. Suppose -c + 4*g = 7, 3*c - 16 = -c + 5*g. Let h = c - 14. What are the prime factors of i(h)?
13
Suppose 3*o - 7*o + 20 = 0. Suppo